25. Let w(n) = -n**2 + 9*n + 4. Give w(f).
4
Suppose 3*m - 14 = -t - m, -13 = -2*t - 3*m. Let i(n) = 2*n - n**3 - 3*n - n**t + 2*n + 4*n + 4. Suppose l + 79 - 76 = 0. What is i(l)?
7
Let l(j) = j**3 - 3*j**2 - 5*j - 1. Suppose 5*u - 47 = 73. Let y(p) = 24*p**2 - 8*p**2 - 11*p**2 - 4*p**2 + 12*p + u. Let i be y(-10). Determine l(i).
-5
Let y(x) be the second derivative of -x**3/3 + 9*x**2/2 - 528*x. Let f be 4 - 3 - (18 + 1). Let a = -12 - f. Calculate y(a).
-3
Let m be 962/3848 - ((-142)/8 - 0). Let p(z) = 2*z**2 - 31*z - 26. Give p(m).
64
Let r be 1/(51/(-12) - -4). Let i(y) be the second derivative of y**5/20 + 5*y**4/12 + y**3/2 + 5*y**2/2 + 10*y - 1. Calculate i(r).
9
Let q(d) be the first derivative of 5*d**2 + 10*d + 7. Let s(c) = 3*c + 3. Let j(r) = -2*q(r) + 7*s(r). Let v = 61 - 65. Calculate j(v).
-3
Let j(g) be the third derivative of g**5/20 - g**4/12 + g**3/2 + 2*g**2. Let i(a) = -181*a + 33. Let r be i(-4). Suppose -r*v = -753*v - 8. What is j(v)?
11
Let h = 64 - 60. Let x(w) be the second derivative of -w**3/3 + 2*w**2 - 463*w. What is x(h)?
-4
Let l(b) = b**2 + b - 7. Let a = -863 + 857. Calculate l(a).
23
Let y(h) = h**2 + 2*h - 3. Let w(z) = 2*z + 20. Let t = 32 - 36. Let l be w(t). Suppose -2*r - r = l. Determine y(r).
5
Let w(i) = -i**2 - 7*i - 5. Let g = -49 + 100. Suppose -g*h = -52*h - 6. Calculate w(h).
1
Let b(l) = -13*l + 152. Let v be b(11). Let s(j) = -2*j + 50. Calculate s(v).
32
Let x(j) = j**2 - 5*j + 3. Let o(p) = p - 27. Let m be o(11). Let y be m/(-6)*(342/(-4))/3. Let g be 12/(-54) - y/18. What is x(g)?
-1
Let x(k) be the first derivative of -k**7/840 + 5*k**4/24 - 56*k**3/3 - 55. Let h(u) be the third derivative of x(u). What is h(0)?
5
Let l = 289 + -286. Suppose -l = -6*y + 15. Let h(s) = -s + 2. Give h(y).
-1
Let q(b) = b - 4. Let d(c) = -30*c + 22. Let j(p) = -d(p) - 5*q(p). Calculate j(2).
48
Let m(s) = 38 + 74*s - 8 + 97 - 2*s**2 + 195. What is m(41)?
-6
Suppose -9*f + 6*f = -12. Suppose 5*k - f*z - 24 = 0, 3*k = -2*z + 3*z + 20. Let m(q) = -q**3 + 8*q**2 + q - 1. Calculate m(k).
7
Let y(h) = 0 + 16354182*h**2 - 2 + 7*h - 16354183*h**2. Let v(b) = b**3 - 11*b**2 + 11*b - 3. Let c be v(10). Give y(c).
-2
Let x = -856 - -880. Let m(v) = -2*v**2 + 47*v + 30. Calculate m(x).
6
Suppose 3*z = -74 + 65. Let y(l) be the second derivative of -l**5/20 - l**4/12 + l**3/2 + 2*l**2 + 3*l - 16. Give y(z).
13
Let z = 0 + 3. Let y(t) = 14*t + 253. Let b be y(-17). Let a(q) = 8*q**2 - b*q - 4*q**3 + 6*q + 5*q**z. Give a(-9).
0
Let h(l) = 12*l**3 + 28*l**2 - 9*l - 3. Let v(o) = 7*o**3 + 14*o**2 - 5*o - 1. Let s(z) = 3*h(z) - 5*v(z). Calculate s(-14).
24
Suppose -4*a - k = -4, -3*k + k = 5*a - 2. Let u(c) = -1 + 50*c - 5 - 59*c + 3*c**a - 2*c**2. Determine u(10).
4
Let d(r) = -r**2 - 10*r + 26. Let q be d(-12). Let t(m) = 1 + 0*m - m**3 + 0*m**2 - 8*m**q - 2*m + 11*m**2. Determine t(1).
1
Let y(l) = 2*l**2 + 23*l + 5. Suppose 7 = -3*f - 2*r, 5*f + 8 = -4*r - 1. Let c(v) = v**2 + 9*v + 2. Let x(q) = f*c(q) + 2*y(q). Calculate x(-4).
-20
Let k(a) = 2*a**2 - 20*a + 2. Suppose -14702*s + 14687*s = -150. Give k(s).
2
Let r(h) = -6*h + 71 + 3 + 2*h. Let w be r(19). Let c(n) = -n**3 - 2*n**2 + n. Calculate c(w).
-2
Let d = -1819 + 1817. Let s(r) = -2 + 3 + 12*r - 2 - 1. What is s(d)?
-26
Let h(l) be the third derivative of -l**7/1260 + l**6/240 + l**5/40 - l**4/12 + 11*l**3/3 - 129*l**2. Let f(m) be the second derivative of h(m). Calculate f(4).
-17
Let r(o) be the third derivative of -4*o**2 + 0*o + 0 + 1/2*o**3 - 1/4*o**4. Let t be 2/6 + 56/35 + (-3)/(-45). What is r(t)?
-9
Let l(p) = -7*p. Let r(t) = -1 - 145*t + 67*t + 69*t. Let x(o) = 5*l(o) - 4*r(o). Determine x(6).
10
Let n(w) = 12*w**2 - 2. Let u(h) = -21*h + 2602. Let j be u(124). What is n(j)?
46
Let y(s) = -13*s + 3*s**2 + 2 + 8*s + 8*s - s**3. Let m(u) = u**2 - 4*u - 73. Let n be m(11). Determine y(n).
-2
Let s be ((-455)/182)/(0 + 10/(-8)). Let l(w) = -w - 2*w**2 + 0*w**s + 8 - 2 - 7 - w**3. Calculate l(2).
-19
Let y(n) be the first derivative of -n**2/2 + 7604. Let z(c) = c**3 + 5*c**2 - 2*c - 5. Let f be z(-5). Give y(f).
-5
Let m(u) = u + 22. Let i be (3*(-16)/(-30))/((-10)/125). Let o be m(i). Let d(b) = 5 + o*b**2 - 3*b**2 + 2*b**2 - 4*b - 2*b**2. Determine d(-4).
5
Suppose 7*g + 142 = 163. Let m(c) = -13*c**2 + 9*c - 5. Let x(v) = 13*v**2 - 7*v + 4. Let a(s) = g*m(s) + 4*x(s). Give a(1).
13
Let u(i) be the third derivative of 0*i + 0*i**5 - 1/12*i**4 + 1/6*i**3 + 72*i**2 + 0 + 17/120*i**6. Calculate u(1).
16
Let k(q) = -39 + 58 + q**2 - 15*q + 2*q**2 - 2. Calculate k(4).
5
Let k(j) = -5*j**2 + 33*j - 21. Let x be k(14). Let v = x + 1003. Let o(w) = -229 - 3*w - 236 + v. What is o(-6)?
17
Let c(i) be the third derivative of i**9/60480 - i**8/5040 + i**6/360 - 43*i**5/30 + 9*i**2 - 3*i. Let x(a) be the third derivative of c(a). Give x(2).
-6
Let r(j) = -18*j - 78. Let l be (-10)/(22/(-165) + 10/(-75)*-16). Give r(l).
12
Let t = -1 - 5. Let u be 4*-12*6/(-12). Let f(b) = -b**2 - 9*b - u + 36 - 17. What is f(t)?
13
Suppose 0 = -5*n + 3*m - 37, -3*n + 5*m - 25 = -2*n. Let z be 0 + 24/(-60) + (-17)/n. Let s(a) = -2 + 5*a**2 - 2 + 2 + 3 + z*a + a**3. Give s(-3).
10
Let b be (-1)/7 + (-12)/(-84) + 14. Let l(a) = 1 - 3*a - b + 14*a + a**2. Calculate l(-12).
-1
Let l(o) = -5 - 8109*o + 4060*o + 4054*o. Calculate l(7).
30
Suppose -3*u + 6 = -u. Suppose 0 = 3*f - 4*a, 6*a = 3*f + a + u. Let g(s) = -s**3 + 5*s**2 + s - 5. What is g(f)?
15
Let t(q) = 87*q - 39*q + 393 + 37*q - 2*q**2 + 3*q**2 - 42*q. Determine t(-30).
3
Let c(v) = -2*v**2 - 11*v - 1. Let w(z) = 3*z**2 + 7*z. Let k(g) = 4*c(g) + 3*w(g). What is k(24)?
20
Let o(m) = 7*m - 60. Let h(u) = -6*u + 49. Let w(c) = 6*h(c) + 5*o(c). Suppose 5*k - 30 = -0*k. Determine w(k).
-12
Let r(j) = j**2 - j - 18. Let h(b) = -2*b - 12*b**2 + 36 + 11*b**2 - 1. Let g be h(-7). Calculate r(g).
-18
Suppose -4*a = 5*g - 44, 0*a + a - 2*g = -2. Let x(n) = a*n - 8*n + 3 + n. What is x(3)?
0
Let d(a) = 8*a - 46. Let j be (20/8)/(2/4) - -2. Let r be d(j). Let k(t) = r + t**3 - t + 9 - 7*t**2 - 11. Calculate k(7).
1
Let v(g) = 3*g. Let z(r) = -5*r - 3. Let f(h) = -3*h - 2. Let s(o) = -6*f(o) + 4*z(o). Let b(a) = -9*s(a) - 5*v(a). Calculate b(-6).
-18
Let p(n) be the second derivative of -n**5/20 - n**4/4 - 5*n**3/6 - 3*n**2/2 + 5163*n. Calculate p(-3).
12
Suppose 0 = -2*i - 32 + 362. Suppose 0 = -d - 4*d + i. Let x(q) = -d*q + 38*q + 6*q**2 - 7 - 5*q**2. What is x(-6)?
-1
Let c(j) = j**3 - 18*j**2 - 19*j + 28. Let f be c(19). Let v(i) = -19*i**2 + 69*i**2 + 7 - 6*i - f*i**2 - 23*i**2. Suppose 23 = -2*k + 7. Determine v(k).
-9
Let n(r) = r**3 + 6*r**2 - 6*r - 25. Suppose 21*w - 26*w = -2*j + 8, -3*w - 42 = 5*j. What is n(j)?
11
Let v(o) = o**3 + 13*o**2 - 17*o - 34. Let z be v(-14). Let h(g) = -z*g - 5*g + 10*g + 7 - 4. Give h(6).
-15
Let i(m) = 10*m**2 - m + 5. Let g(l) = 26*l**2 - l + 11. Let w(c) = 2*g(c) - 5*i(c). Suppose -2*r + 5 = 13. Let z = r + 1. Determine w(z).
6
Let l(j) = j**2 + 38*j + 340. Let p be l(-21). Let a(h) = -h**2 - 14*h + 30. Determine a(p).
-21
Let a be 4/6 + 1 + (-14)/(-6). Suppose a*o + o = 0. Suppose o = r + 2*r - 6. Let q(y) = y**2 + y - 1. What is q(r)?
5
Let q = 269902 + -269907. Let a(l) = -1. Let n(h) = -2*h + 2. Let d(o) = 4*a(o) + 2*n(o). What is d(q)?
20
Let a(j) = j**2 - 16*j + 8. Let k be a(16). Let w(l) be the third derivative of -l**5/60 + 5*l**4/12 - 7*l**3/6 - 983*l**2. Determine w(k).
9
Let i(y) = -y - 5. Let r = -549 + 537. Let x be (6 - 126/24)*r. Give i(x).
4
Let j(z) = 2*z - 10. Suppose y + 3*y = 0, 2*y = 3*c - 21. Suppose -9*g + 20 = -c*g. Determine j(g).
10
Let k(g) be the third derivative of 65*g**2 - 5/24*g**4 + 0 + 1/6*g**3 + 0*g + 1/15*g**5 - 1/120*g**6. Calculate k(2).
-1
Let a(g) = 3*g**2 - 1. Let w(d) = 8*d**2 - 14*d - 15. Let p(v) = -3*a(v) + w(v). Calculate p(-9).
33
Let w(t) = -t**2 + 8*t - 2. Suppose 41*f = 1458 - 392. Let h = 42 + -62. Let x = f + h. What is w(x)?
10
Let q = -3 + 12. Suppose -8*w + 7 = -q. Let t(y) = 24*y - 22*y + w + 1 + y**2. Give t(-4).
11
Let m = -6262 + 6270. Let w(r) = -r**2 + 18*r - 21. Calculate w(m).
59
Let l(t) = 3*t**2 - 91*t + 32. Let u be l(30). Let x(b) = 5*b**2 - 3*b**2 - 7 + 8 + 3*b**u. Give x(-1).
6
Let b = -154 + 163. Let u(k) be the first d